{"id":17,"date":"2021-04-10T11:43:52","date_gmt":"2021-04-10T11:43:52","guid":{"rendered":"http:\/\/www.lundhjemmesider-udvikling.dk\/martinchristensen\/?page_id=17"},"modified":"2022-09-02T03:24:38","modified_gmt":"2022-09-02T03:24:38","slug":"om-mig","status":"publish","type":"page","link":"https:\/\/tusgaard.dk\/?page_id=17","title":{"rendered":"Om mig"},"content":{"rendered":"<p>[vc_row padding_bottom_multiplier=&#8221;4x&#8221;][vc_column width=&#8221;1\/3&#8243;][vc_column_text]Som 70\u2019er-barn voksede jeg op i en tid hvor mange af de faste rammer, man tidligere havde kendt til var i opbrud. Men forandringer er ikke altid d\u00e5rlige. Der skete mange gode ting i Gladsaxe kommune i den periode. Der kom mange gode tilbud til b\u00f8rn og unge, der ikke var f\u00f8dt med en guldske i munden. Jeg begyndte fx som 8-\u00e5rig med at g\u00e5 til mandolin via skolens musikundervisning, men skiftede mandolinen ud med guitaren efter to \u00e5r, da min musikl\u00e6rer, Dieter Philipps, p\u00e5stod, at jeg ikke kunne l\u00e6re mere af ham, hvilket jeg den dag i dag nok er lidt i tvivl om. Jeg var under alle omst\u00e6ndigheder en af de f\u00e5 heldige, der ikke n\u00e5ede at f\u00e5 det ber\u00f8mte los over skinnebenet med hans frygtede tr\u00e6sko, hvis man ikke kunne dagens lektie, n\u00e5r man kom igen efter en uges h\u00e5rdt slid og \u00f8mme fingre.<\/p>\n<p>Via undervisningen hos Dieter Philipps blev jeg tilbudt at spille sammen med andre unge h\u00e5befulde musikanter, som Dieter ogs\u00e5 havde introduceret til musikkens verden via skoleundervisningen. Orkestret var et mandolinorkester, som vores dygtige musikl\u00e6rer dirigerede med h\u00e5rd h\u00e5nd. Dieter havde med sit engagement og sin personlighed lykkes med at skabe hele 3 mandolinorkstre \u00e1 3 generationer gennem sit virke for skolerne i Gladsaxe. Jeg skiftede til mandola undervejs og endte som guitarist, men blev \u201ddesv\u00e6rre\u201d s\u00e5 grebet af en gal fodbold\u00e5nd og brugte derfor resten af mine teenage\u00e5r i fodboldklubben AB, med lige s\u00e5 mange h\u00e5befulde og glade unge mennesker, som jeg havde m\u00f8dt igennem musikken.[\/vc_column_text][\/vc_column][vc_column width=&#8221;1\/3&#8243;][vc_column_text]Det var f\u00f8rst, da jeg senere kom i gymnasiet og fik lyst lov til at v\u00e6re med i skolebandet, at jeg fandt ud af, at der var noget, der hed en el-guitar. Samtidig blev jeg inviteret med i et band best\u00e5ende blandt andet af\u00a0 en af mine venner fra mandolinorkestret, Martin Bomholt.<\/p>\n<p>Vi spillede rock, og vi spillede hver is\u00e6r mildest talt ikke s\u00e6rligt godt, men vi fik i Torben Craner en rigtig god forsanger. Ham inviterede jeg med, da vi optr\u00e5dte i skolebandet sammen. N\u00e5r vi satte str\u00f8m til, s\u00e5 fungerede det sgu&#8217; alligevel rigtigt godt p\u00e5 trods.<\/p>\n<p>Bandet br\u00f8d efter en del \u00e5r op, men trioen Bomholt, Craner &amp; Tusgaard fortsatte med at spille akustiske sm\u00e5jobs under navnet Bandwagon i slut 90&#8217;erne. Vi toppede nok med en tv-optr\u00e6den i et ungdomsprogram i TV-Sj\u00e6lland i 1997. Man kan se denne optr\u00e6den p\u00e5 min YouTube-kanal, der er linket til her under menuen &#8220;Billeder og video&#8221;.<\/p>\n<p>Nogle \u00e5r senere da jeg en dag var p\u00e5 S\u00f8borg Bodega med min storebror for at drikke et par \u00f8l og spille noget billard, kom et stor\u00a0 h\u00f8jtr\u00e5bende Irer ind med den karakteristiske Dublin-dialekt. Han s\u00e5 ud som om, han kendte alle, og at alle gerne ville tale med ham. Endog havde han en guitar p\u00e5 ryggen, og der gik ikke lang tid, f\u00f8r v\u00e6rtshusejeren sagde: \u201dEj, Allan giver du ikke en sang eller to\u201d. Allan Dennehy smilede bredt og svarede, s\u00e5 vidt jeg husker noget med en Guinnes eller to, rev guitaren frem og fyrede 2-3 irske klassikere af med en selvf\u00f8lgelighed, som var han f\u00f8dt til at optr\u00e6de. Uden mikrofon overd\u00f8vede han alt med sin klare stemme.[\/vc_column_text]<div class=\"grve-empty-space grve-height-1x\" style=\"\"><\/div><div class=\"grve-element grve-align-left\"><a href=\"#mere\" class=\"grve-btn grve-btn-medium grve-btn-underline grve-text-primary-1 grve-text-hover-primary-1\"><span>L\u00e6s mere<span class=\"grve-btn-bottom-line grve-bg-primary-1\"><\/span><\/span><\/a><\/div>[\/vc_column][vc_column width=&#8221;1\/3&#8243;]<div class=\"grve-element grve-image grve-align-center\" style=\"\">  <div class=\"grve-image-wrapper\"><img loading=\"lazy\" decoding=\"async\" width=\"1330\" height=\"2000\" src=\"https:\/\/tusgaard.dk\/wp-content\/uploads\/2021\/04\/Forside4.jpg\" class=\"attachment-full size-full\" alt=\"\" srcset=\"https:\/\/tusgaard.dk\/wp-content\/uploads\/2021\/04\/Forside4.jpg 1330w, https:\/\/tusgaard.dk\/wp-content\/uploads\/2021\/04\/Forside4-200x300.jpg 200w, https:\/\/tusgaard.dk\/wp-content\/uploads\/2021\/04\/Forside4-681x1024.jpg 681w, https:\/\/tusgaard.dk\/wp-content\/uploads\/2021\/04\/Forside4-768x1155.jpg 768w, https:\/\/tusgaard.dk\/wp-content\/uploads\/2021\/04\/Forside4-1021x1536.jpg 1021w, https:\/\/tusgaard.dk\/wp-content\/uploads\/2021\/04\/Forside4-1277x1920.jpg 1277w\" sizes=\"auto, (max-width: 1330px) 100vw, 1330px\" \/>   <\/div><\/div>[\/vc_column][\/vc_row][vc_row bg_type=&#8221;image&#8221; bg_image=&#8221;14&#8243; bg_image_type=&#8221;parallax&#8221; color_overlay=&#8221;dark&#8221; opacity_overlay=&#8221;80&#8243; padding_top_multiplier=&#8221;4x&#8221; padding_bottom_multiplier=&#8221;4x&#8221; section_id=&#8221;mere&#8221;][vc_column width=&#8221;1\/3&#8243;][vc_column_text]Jeg var dog ikke mere duperet, end at jeg turde g\u00e5 hen og sp\u00f8rge, om jeg ikke lige kunne spille et nummer p\u00e5 hans guitar, nu stemningen var s\u00e5 god. Positiv som Allan var og er, fik jeg lov og gav den alt, hvad jeg kunne. Bagefter satte vi os ned og talte videre over en \u00f8l. Vi aftalte at m\u00f8des til en uforpligtigende &#8220;jammer&#8221;. Allan er en ligefrem og \u00e5ben mand, og han sagde direkte til mig, at jeg skulle begynde at spille solojobs, og at jeg var bedre, end jeg lige gik og troede. Jeg sprang ud i det og efter en l\u00e6reprocess, der bl.a. gik ud p\u00e5 at l\u00e6re 400-500 kopisange udenad, k\u00f8rte der bare derudaf de n\u00e6ste 15-20 \u00e5r, hvor Allan og jeg rundt omkring i K\u00f8benhavn p\u00e5 diverse pubber styrede en r\u00e6kke jamsessions, samtidigt med vi spillede hver vores solo- eller duojobs p\u00e5 alle slags v\u00e6rtshuse og til bryllups og f\u00f8dselsdage m.m.[\/vc_column_text][\/vc_column][vc_column width=&#8221;1\/3&#8243;][vc_column_text]Omkring 2019 begyndte jeg til guitarundervisning hos Aske Jacoby, da jeg nu i mere end 20 \u00e5r spillet diverse solo-\/ troubadourjobs, men jeg ville gerne forbedre mine soloer og t\u00e6nkte, at Aske Jacoby kunne hj\u00e6lpe mig med dette. P\u00e5 det tidspunkt havde jeg lavet en demo til 5 sange med digte af Halfdan Rasmussen. Jeg viste ham min demo til de 5 sange. Han ville gerne hj\u00e6lpe mig videre, og samarbejdet endte en udgivelse, der var startskuddet og min motivation for at lave denne hjemmeside og i \u00f8vrigt begynde at dele lidt ud af, hvad jeg g\u00e5r og sysler med b\u00e5de, musikalsk, litter\u00e6rt og undervisningsm\u00e6ssigt.[\/vc_column_text][\/vc_column][vc_column width=&#8221;1\/3&#8243;][vc_column_text]Samtidigt med min musiker-\/ troubaourkarriere gik i gang, havde jeg gjort min uddannelse i dansk og idr\u00e6t ved K\u00f8benhavns Universitet f\u00e6rdig. Jeg fik hurtigt job og p\u00e6dagogikum og endte efter flere omveje som underviser ved VUC Storstr\u00f8m. Jeg har v\u00e6ret ansat i VUC Storstr\u00f8m fra 2006-2022, men fra august fik jeg nyt job ved Helsing\u00f8r Gymnasium. Et jobskifte der var tiltr\u00e6ngt, og et nyt job jeg er blevet rigtigt glad for. Jeg t\u00e6nker, at jeg med mit nye arbejde fortsat har tid til at forts\u00e6tte med min digtning, mit sangskriveri og mine\u00a0 spillejobs.[\/vc_column_text]<div class=\"grve-empty-space grve-height-1x\" style=\"\"><\/div><div class=\"grve-element grve-align-left\"><a href=\"https:\/\/tusgaard.dk\/?page_id=25\" title=\"Kontakt\" class=\"grve-btn grve-btn-medium grve-square grve-bg-primary-1 grve-bg-hover-black\"><span>Kontakt<\/span><\/a><\/div>[\/vc_column][\/vc_row]<\/p>\n","protected":false},"excerpt":{"rendered":"<p>[vc_row padding_bottom_multiplier=&#8221;4x&#8221;][vc_column width=&#8221;1\/3&#8243;][vc_column_text]Som 70\u2019er-barn voksede jeg op i en tid hvor mange af de faste rammer, man tidligere havde kendt til var i opbrud. Men forandringer er ikke altid d\u00e5rlige. Der skete mange gode ting i Gladsaxe kommune i den periode. Der kom mange gode tilbud til b\u00f8rn og unge, der ikke var f\u00f8dt med [&hellip;]<\/p>\n","protected":false},"author":1,"featured_media":12,"parent":0,"menu_order":0,"comment_status":"closed","ping_status":"closed","template":"","meta":{"footnotes":""},"class_list":["post-17","page","type-page","status-publish","has-post-thumbnail","hentry"],"_links":{"self":[{"href":"https:\/\/tusgaard.dk\/index.php?rest_route=\/wp\/v2\/pages\/17","targetHints":{"allow":["GET"]}}],"collection":[{"href":"https:\/\/tusgaard.dk\/index.php?rest_route=\/wp\/v2\/pages"}],"about":[{"href":"https:\/\/tusgaard.dk\/index.php?rest_route=\/wp\/v2\/types\/page"}],"author":[{"embeddable":true,"href":"https:\/\/tusgaard.dk\/index.php?rest_route=\/wp\/v2\/users\/1"}],"replies":[{"embeddable":true,"href":"https:\/\/tusgaard.dk\/index.php?rest_route=%2Fwp%2Fv2%2Fcomments&post=17"}],"version-history":[{"count":20,"href":"https:\/\/tusgaard.dk\/index.php?rest_route=\/wp\/v2\/pages\/17\/revisions"}],"predecessor-version":[{"id":614,"href":"https:\/\/tusgaard.dk\/index.php?rest_route=\/wp\/v2\/pages\/17\/revisions\/614"}],"wp:featuredmedia":[{"embeddable":true,"href":"https:\/\/tusgaard.dk\/index.php?rest_route=\/wp\/v2\/media\/12"}],"wp:attachment":[{"href":"https:\/\/tusgaard.dk\/index.php?rest_route=%2Fwp%2Fv2%2Fmedia&parent=17"}],"curies":[{"name":"wp","href":"https:\/\/api.w.org\/{rel}","templated":true}]}}